{"id":120,"date":"2024-01-04T15:08:08","date_gmt":"2024-01-04T15:08:08","guid":{"rendered":"https:\/\/hopeful-hofstadter.31-220-96-92.plesk.page\/?page_id=120"},"modified":"2025-05-05T21:24:54","modified_gmt":"2025-05-05T21:24:54","slug":"juego-responsable","status":"publish","type":"page","link":"https:\/\/hopeful-hofstadter.31-220-96-92.plesk.page\/?page_id=120","title":{"rendered":"Juego Responsable"},"content":{"rendered":"\t\t<div data-elementor-type=\"wp-page\" data-elementor-id=\"120\" class=\"elementor elementor-120\" data-elementor-post-type=\"page\">\n\t\t\t\t<div class=\"elementor-element elementor-element-866c390 e-flex e-con-boxed e-con e-parent\" data-id=\"866c390\" data-element_type=\"container\" data-e-type=\"container\">\n\t\t\t\t\t<div class=\"e-con-inner\">\n\t\t\t\t<div class=\"elementor-element elementor-element-158b23c elementor-widget elementor-widget-heading\" data-id=\"158b23c\" data-element_type=\"widget\" data-e-type=\"widget\" data-widget_type=\"heading.default\">\n\t\t\t\t<div class=\"elementor-widget-container\">\n\t\t\t\t\t<h1 class=\"elementor-heading-title elementor-size-default\">C\u00f3mo jugar con responsabilidad<\/h1>\t\t\t\t<\/div>\n\t\t\t\t<\/div>\n\t\t\t\t<div class=\"elementor-element elementor-element-421c41 e-n-tabs-mobile elementor-widget elementor-widget-n-tabs\" data-id=\"421c41\" data-element_type=\"widget\" data-e-type=\"widget\" data-settings=\"{&quot;horizontal_scroll&quot;:&quot;enable&quot;}\" data-widget_type=\"nested-tabs.default\">\n\t\t\t\t<div class=\"elementor-widget-container\">\n\t\t\t\t\t\t\t<div class=\"e-n-tabs\" data-widget-number=\"4332609\" aria-label=\"Pesta\u00f1as. Abre elementos con Intro o Espacio, ci\u00e9rralos con Escape y navega con las fechas.\">\n\t\t\t<div class=\"e-n-tabs-heading\" role=\"tablist\">\n\t\t\t\t\t<button id=\"e-n-tab-title-43326091\" data-tab-title-id=\"e-n-tab-title-43326091\" class=\"e-n-tab-title\" aria-selected=\"true\" data-tab-index=\"1\" role=\"tab\" tabindex=\"0\" aria-controls=\"e-n-tab-content-43326091\" style=\"--n-tabs-title-order: 1;\">\n\t\t\t\t\t\t<span class=\"e-n-tab-title-text\">\n\t\t\t\tL\u00edmites de Dep\u00f3sito\t\t\t<\/span>\n\t\t<\/button>\n\t\t\t\t<button id=\"e-n-tab-title-43326092\" data-tab-title-id=\"e-n-tab-title-43326092\" class=\"e-n-tab-title\" aria-selected=\"false\" data-tab-index=\"2\" role=\"tab\" tabindex=\"-1\" aria-controls=\"e-n-tab-content-43326092\" style=\"--n-tabs-title-order: 2;\">\n\t\t\t\t\t\t<span class=\"e-n-tab-title-text\">\n\t\t\t\tReconociendo un Problema de Juego\t\t\t<\/span>\n\t\t<\/button>\n\t\t\t\t<button id=\"e-n-tab-title-43326093\" data-tab-title-id=\"e-n-tab-title-43326093\" class=\"e-n-tab-title\" aria-selected=\"false\" data-tab-index=\"3\" role=\"tab\" tabindex=\"-1\" aria-controls=\"e-n-tab-content-43326093\" style=\"--n-tabs-title-order: 3;\">\n\t\t\t\t\t\t<span class=\"e-n-tab-title-text\">\n\t\t\t\tHerramientas de Control\t\t\t<\/span>\n\t\t<\/button>\n\t\t\t\t<button id=\"e-n-tab-title-43326094\" data-tab-title-id=\"e-n-tab-title-43326094\" class=\"e-n-tab-title\" aria-selected=\"false\" data-tab-index=\"4\" role=\"tab\" tabindex=\"-1\" aria-controls=\"e-n-tab-content-43326094\" style=\"--n-tabs-title-order: 4;\">\n\t\t\t\t\t\t<span class=\"e-n-tab-title-text\">\n\t\t\t\tAutoexclusi\u00f3n\t\t\t<\/span>\n\t\t<\/button>\n\t\t\t\t<button id=\"e-n-tab-title-43326095\" data-tab-title-id=\"e-n-tab-title-43326095\" class=\"e-n-tab-title\" aria-selected=\"false\" data-tab-index=\"5\" role=\"tab\" tabindex=\"-1\" aria-controls=\"e-n-tab-content-43326095\" style=\"--n-tabs-title-order: 5;\">\n\t\t\t\t\t\t<span class=\"e-n-tab-title-text\">\n\t\t\t\tPr\u00f3ximos Pasos\t\t\t<\/span>\n\t\t<\/button>\n\t\t\t\t\t<\/div>\n\t\t\t<div class=\"e-n-tabs-content\">\n\t\t\t\t<section id=\"e-n-tab-content-43326091\" role=\"tabpanel\" aria-labelledby=\"e-n-tab-title-43326091\" data-tab-index=\"1\" style=\"--n-tabs-title-order: 1;\" class=\"e-active elementor-element elementor-element-5ccf1ec2 e-con-full e-flex e-con e-child\" data-id=\"5ccf1ec2\" data-element_type=\"container\" data-e-type=\"container\" data-settings=\"{&quot;background_background&quot;:&quot;classic&quot;}\">\n\t\t<div class=\"elementor-element elementor-element-7bc616f e-flex e-con-boxed e-con e-child\" data-id=\"7bc616f\" data-element_type=\"container\" data-e-type=\"container\">\n\t\t\t\t\t<div class=\"e-con-inner\">\n\t\t\t\t<div class=\"elementor-element elementor-element-b88a024 elementor-widget elementor-widget-text-editor\" data-id=\"b88a024\" data-element_type=\"widget\" data-e-type=\"widget\" data-widget_type=\"text-editor.default\">\n\t\t\t\t<div class=\"elementor-widget-container\">\n\t\t\t\t\t\t\t\t\t<p>En GalloPlay, fomentamos un juego responsable estableciendo l\u00edmites de dep\u00f3sito flexibles. Puedes configurar l\u00edmites diarios, semanales o mensuales que te ayuden a controlar tus gastos de manera efectiva. La reducci\u00f3n de tus l\u00edmites es efectiva inmediatamente, mientras que cualquier incremento requiere una espera de 24 horas para su confirmaci\u00f3n, asegurando as\u00ed una reflexi\u00f3n adecuada sobre tu decisi\u00f3n.<\/p>\t\t\t\t\t\t\t\t<\/div>\n\t\t\t\t<\/div>\n\t\t\t\t\t<\/div>\n\t\t\t\t<\/div>\n\t\t\t\t<\/section>\n\t\t<div id=\"e-n-tab-content-43326092\" role=\"tabpanel\" aria-labelledby=\"e-n-tab-title-43326092\" data-tab-index=\"2\" style=\"--n-tabs-title-order: 2;\" class=\" elementor-element elementor-element-284456 e-con-full e-flex e-con e-child\" data-id=\"284456\" data-element_type=\"container\" data-e-type=\"container\" data-settings=\"{&quot;background_background&quot;:&quot;classic&quot;}\">\n\t\t<div class=\"elementor-element elementor-element-27944f9 e-flex e-con-boxed e-con e-child\" data-id=\"27944f9\" data-element_type=\"container\" data-e-type=\"container\">\n\t\t\t\t\t<div class=\"e-con-inner\">\n\t\t\t\t<div class=\"elementor-element elementor-element-8f9de08 elementor-widget elementor-widget-text-editor\" data-id=\"8f9de08\" data-element_type=\"widget\" data-e-type=\"widget\" data-widget_type=\"text-editor.default\">\n\t\t\t\t<div class=\"elementor-widget-container\">\n\t\t\t\t\t\t\t\t\t<p>Si el juego est\u00e1 afectando negativamente tu vida, considera estas preguntas:<\/p><ul><li>\u00bfSientes remordimiento despu\u00e9s de jugar?<\/li><li>\u00bfNecesitas apostar cantidades crecientes para sentir emoci\u00f3n?<\/li><li>\u00bfTe resulta dif\u00edcil parar despu\u00e9s de perder?<\/li><li>\u00bfEl juego te ha causado problemas econ\u00f3micos o afecta tus relaciones y salud?<\/li><li>\u00bfTe sientes inquieto o ansioso cuando no est\u00e1s jugando?<\/li><\/ul><p>Si respondiste afirmativamente a alguna de estas preguntas, podr\u00eda ser indicativo de un problema de juego.<\/p>\t\t\t\t\t\t\t\t<\/div>\n\t\t\t\t<\/div>\n\t\t\t\t\t<\/div>\n\t\t\t\t<\/div>\n\t\t\t\t<\/div>\n\t\t<div id=\"e-n-tab-content-43326093\" role=\"tabpanel\" aria-labelledby=\"e-n-tab-title-43326093\" data-tab-index=\"3\" style=\"--n-tabs-title-order: 3;\" class=\" elementor-element elementor-element-d909858 e-con-full e-flex e-con e-child\" data-id=\"d909858\" data-element_type=\"container\" data-e-type=\"container\" data-settings=\"{&quot;background_background&quot;:&quot;classic&quot;}\">\n\t\t<div class=\"elementor-element elementor-element-990acca e-flex e-con-boxed e-con e-child\" data-id=\"990acca\" data-element_type=\"container\" data-e-type=\"container\">\n\t\t\t\t\t<div class=\"e-con-inner\">\n\t\t\t\t<div class=\"elementor-element elementor-element-2b536e6 elementor-widget elementor-widget-text-editor\" data-id=\"2b536e6\" data-element_type=\"widget\" data-e-type=\"widget\" data-widget_type=\"text-editor.default\">\n\t\t\t\t<div class=\"elementor-widget-container\">\n\t\t\t\t\t\t\t\t\t<ul><li><strong>Consulta tu Actividad<\/strong>: Utiliza la herramienta &#8216;Mi Actividad&#8217; en GalloPlay para monitorear tus apuestas y comportamiento de juego con un panel visual que muestra estad\u00edsticas detalladas y tu historial de transacciones.<\/li><li><strong>Periodos de Descanso<\/strong>: Puedes tomar un descanso de nuestras plataformas eligiendo periodos de 24 horas, 48 horas, una semana, un mes, o personalizar tu propio periodo de descanso.<\/li><\/ul>\t\t\t\t\t\t\t\t<\/div>\n\t\t\t\t<\/div>\n\t\t\t\t\t<\/div>\n\t\t\t\t<\/div>\n\t\t\t\t<\/div>\n\t\t<div id=\"e-n-tab-content-43326094\" role=\"tabpanel\" aria-labelledby=\"e-n-tab-title-43326094\" data-tab-index=\"4\" style=\"--n-tabs-title-order: 4;\" class=\" elementor-element elementor-element-1e54f5b e-flex e-con-boxed e-con e-child\" data-id=\"1e54f5b\" data-element_type=\"container\" data-e-type=\"container\" data-settings=\"{&quot;background_background&quot;:&quot;classic&quot;}\">\n\t\t\t\t\t<div class=\"e-con-inner\">\n\t\t<div class=\"elementor-element elementor-element-81d506e e-flex e-con-boxed e-con e-child\" data-id=\"81d506e\" data-element_type=\"container\" data-e-type=\"container\">\n\t\t\t\t\t<div class=\"e-con-inner\">\n\t\t\t\t<div class=\"elementor-element elementor-element-c6a13d9 elementor-widget elementor-widget-text-editor\" data-id=\"c6a13d9\" data-element_type=\"widget\" data-e-type=\"widget\" data-widget_type=\"text-editor.default\">\n\t\t\t\t<div class=\"elementor-widget-container\">\n\t\t\t\t\t\t\t\t\t<p>Si consideras que tienes un problema con el juego, te ofrecemos la opci\u00f3n de autoexcluirte. Durante el per\u00edodo de autoexclusi\u00f3n, no podr\u00e1s apostar ni acceder a juegos en GalloPlay, aunque s\u00ed podr\u00e1s retirar fondos. Este per\u00edodo puede ser de seis meses, un a\u00f1o, dos a\u00f1os o cinco a\u00f1os.<\/p>\t\t\t\t\t\t\t\t<\/div>\n\t\t\t\t<\/div>\n\t\t\t\t\t<\/div>\n\t\t\t\t<\/div>\n\t\t\t\t\t<\/div>\n\t\t\t\t<\/div>\n\t\t<div id=\"e-n-tab-content-43326095\" role=\"tabpanel\" aria-labelledby=\"e-n-tab-title-43326095\" data-tab-index=\"5\" style=\"--n-tabs-title-order: 5;\" class=\" elementor-element elementor-element-3c53de9 e-flex e-con-boxed e-con e-child\" data-id=\"3c53de9\" data-element_type=\"container\" data-e-type=\"container\" data-settings=\"{&quot;background_background&quot;:&quot;classic&quot;}\">\n\t\t\t\t\t<div class=\"e-con-inner\">\n\t\t<div class=\"elementor-element elementor-element-0539211 e-flex e-con-boxed e-con e-child\" data-id=\"0539211\" data-element_type=\"container\" data-e-type=\"container\">\n\t\t\t\t\t<div class=\"e-con-inner\">\n\t\t\t\t<div class=\"elementor-element elementor-element-bc107ce elementor-widget elementor-widget-text-editor\" data-id=\"bc107ce\" data-element_type=\"widget\" data-e-type=\"widget\" data-widget_type=\"text-editor.default\">\n\t\t\t\t<div class=\"elementor-widget-container\">\n\t\t\t\t\t\t\t\t\t<ul><li><strong>Contacto y Soporte<\/strong>: Si necesitas ayuda, nuestro servicio de Atenci\u00f3n al Cliente est\u00e1 disponible para proporcionarte informaci\u00f3n y apoyo.<\/li><li><strong>Recursos Adicionales<\/strong>: Te recomendamos buscar ayuda profesional y considerar instalar software que bloquea el acceso a sitios de apuestas.<\/li><\/ul><p>En GalloPlay, comprometidos con la integridad y el bienestar de nuestros clientes, ofrecemos estas herramientas y pol\u00edticas para garantizar una experiencia de juego segura y responsable.<\/p>\t\t\t\t\t\t\t\t<\/div>\n\t\t\t\t<\/div>\n\t\t\t\t\t<\/div>\n\t\t\t\t<\/div>\n\t\t\t\t\t<\/div>\n\t\t\t\t<\/div>\n\t\t\t\t\t<\/div>\n\t\t<\/div>\n\t\t\t\t\t\t<\/div>\n\t\t\t\t<\/div>\n\t\t\t\t<div class=\"elementor-element elementor-element-957a934 elementor-widget elementor-widget-text-editor\" data-id=\"957a934\" data-element_type=\"widget\" data-e-type=\"widget\" data-widget_type=\"text-editor.default\">\n\t\t\t\t<div class=\"elementor-widget-container\">\n\t\t\t\t\t\t\t\t\t<p>Los juegos de azar se desarrollaron para pasar un buen rato. Pero, como muchas otras cosas, cuando se hace en exceso puede causar problemas. Se puede afectar negativamente a otros \u00e1mbitos de la vida de una persona, como su salud f\u00edsica o mental, la escuela o el rendimiento laboral, finanzas, y \/ o las relaciones interpersonales.<\/p><p>Aqu\u00ed hay algunos principios generales que pueden ayudar a hacer el juego m\u00e1s seguro y una experiencia m\u00e1s agradable:<\/p><ul><li>No pensar en los juegos de azar como una forma de ganar dinero.<\/li><li>Establezca un l\u00edmite de dinero.<\/li><li>Establezca un l\u00edmite de tiempo.<\/li><li>Nunca busque recuperar p\u00e9rdidas.<\/li><li>No apostar cuando usted est\u00e1 deprimido o alterado.<\/li><li>Combine los juegos de azar con otras actividades.<\/li><\/ul><p>Para m\u00e1s informaci\u00f3n puede visitar los siguientes sitios:<\/p><p>Si usted siente que puede tener un problema con el juego de azar entre a \/\/www.ncpgambling.org\/about\/ o visite Apostadores Anonimos.<\/p>\t\t\t\t\t\t\t\t<\/div>\n\t\t\t\t<\/div>\n\t\t\t\t\t<\/div>\n\t\t\t\t<\/div>\n\t\t\t\t<\/div>\n\t\t","protected":false},"excerpt":{"rendered":"<p>C\u00f3mo jugar con responsabilidad L\u00edmites de Dep\u00f3sito Reconociendo un Problema de Juego Herramientas de Control Autoexclusi\u00f3n Pr\u00f3ximos Pasos En GalloPlay, fomentamos un juego responsable estableciendo l\u00edmites de dep\u00f3sito flexibles. Puedes configurar l\u00edmites diarios, semanales o mensuales que te ayuden a controlar tus gastos de manera efectiva. La reducci\u00f3n de tus l\u00edmites es efectiva inmediatamente, mientras [&hellip;]<\/p>\n","protected":false},"author":2,"featured_media":0,"parent":0,"menu_order":0,"comment_status":"closed","ping_status":"closed","template":"","meta":{"_acf_changed":false,"_joinchat":[],"footnotes":""},"class_list":["post-120","page","type-page","status-publish","hentry"],"acf":[],"yoast_head":"<!-- This site is optimized with the Yoast SEO plugin v27.4 - https:\/\/yoast.com\/product\/yoast-seo-wordpress\/ -->\n<title>En GalloPlay promovemos el juego responsable<\/title>\n<meta name=\"description\" content=\"En GalloPlay promovemos el juego responsable como parte fundamental de una experiencia segura y divertida. Invitamos a nuestros usuarios a jugar con moderaci\u00f3n, establecer l\u00edmites de tiempo y gasto.\" \/>\n<meta name=\"robots\" content=\"index, follow, max-snippet:-1, max-image-preview:large, max-video-preview:-1\" \/>\n<link rel=\"canonical\" href=\"https:\/\/hopeful-hofstadter.31-220-96-92.plesk.page\/juego-responsable\/\" \/>\n<meta property=\"og:locale\" content=\"es_ES\" \/>\n<meta property=\"og:type\" content=\"article\" \/>\n<meta property=\"og:title\" content=\"En GalloPlay promovemos el juego responsable\" \/>\n<meta property=\"og:description\" content=\"En GalloPlay promovemos el juego responsable como parte fundamental de una experiencia segura y divertida. Invitamos a nuestros usuarios a jugar con moderaci\u00f3n, establecer l\u00edmites de tiempo y gasto.\" \/>\n<meta property=\"og:url\" content=\"https:\/\/hopeful-hofstadter.31-220-96-92.plesk.page\/juego-responsable\/\" \/>\n<meta property=\"og:site_name\" content=\"Gallo Play Costa Rica | Casino en L\u00ednea y Sitio de Apuestas Deportivas\" \/>\n<meta property=\"article:modified_time\" content=\"2025-05-05T21:24:54+00:00\" \/>\n<meta name=\"twitter:card\" content=\"summary_large_image\" \/>\n<meta name=\"twitter:label1\" content=\"Tiempo de lectura\" \/>\n\t<meta name=\"twitter:data1\" content=\"4 minutos\" \/>\n<script type=\"application\/ld+json\" class=\"yoast-schema-graph\">{\"@context\":\"https:\\\/\\\/schema.org\",\"@graph\":[{\"@type\":\"WebPage\",\"@id\":\"https:\\\/\\\/hopeful-hofstadter.31-220-96-92.plesk.page\\\/juego-responsable\\\/\",\"url\":\"https:\\\/\\\/hopeful-hofstadter.31-220-96-92.plesk.page\\\/juego-responsable\\\/\",\"name\":\"En GalloPlay promovemos el juego responsable\",\"isPartOf\":{\"@id\":\"https:\\\/\\\/hopeful-hofstadter.31-220-96-92.plesk.page\\\/#website\"},\"datePublished\":\"2024-01-04T15:08:08+00:00\",\"dateModified\":\"2025-05-05T21:24:54+00:00\",\"description\":\"En GalloPlay promovemos el juego responsable como parte fundamental de una experiencia segura y divertida. Invitamos a nuestros usuarios a jugar con moderaci\u00f3n, establecer l\u00edmites de tiempo y gasto.\",\"breadcrumb\":{\"@id\":\"https:\\\/\\\/hopeful-hofstadter.31-220-96-92.plesk.page\\\/juego-responsable\\\/#breadcrumb\"},\"inLanguage\":\"es\",\"potentialAction\":[{\"@type\":\"ReadAction\",\"target\":[\"https:\\\/\\\/hopeful-hofstadter.31-220-96-92.plesk.page\\\/juego-responsable\\\/\"]}]},{\"@type\":\"BreadcrumbList\",\"@id\":\"https:\\\/\\\/hopeful-hofstadter.31-220-96-92.plesk.page\\\/juego-responsable\\\/#breadcrumb\",\"itemListElement\":[{\"@type\":\"ListItem\",\"position\":1,\"name\":\"Portada\",\"item\":\"https:\\\/\\\/hopeful-hofstadter.31-220-96-92.plesk.page\\\/\"},{\"@type\":\"ListItem\",\"position\":2,\"name\":\"Juego Responsable\"}]},{\"@type\":\"WebSite\",\"@id\":\"https:\\\/\\\/hopeful-hofstadter.31-220-96-92.plesk.page\\\/#website\",\"url\":\"https:\\\/\\\/hopeful-hofstadter.31-220-96-92.plesk.page\\\/\",\"name\":\"Galloplay.com\",\"description\":\"Vive la mejor experiencia de casino online y apuestas deportivas en Gallo Play Costa Rica. \u00a1Juega con confianza ruleta, bingo y cientos de juegos de casino!\",\"publisher\":{\"@id\":\"https:\\\/\\\/hopeful-hofstadter.31-220-96-92.plesk.page\\\/#organization\"},\"alternateName\":\"Galloplay\",\"potentialAction\":[{\"@type\":\"SearchAction\",\"target\":{\"@type\":\"EntryPoint\",\"urlTemplate\":\"https:\\\/\\\/hopeful-hofstadter.31-220-96-92.plesk.page\\\/?s={search_term_string}\"},\"query-input\":{\"@type\":\"PropertyValueSpecification\",\"valueRequired\":true,\"valueName\":\"search_term_string\"}}],\"inLanguage\":\"es\"},{\"@type\":\"Organization\",\"@id\":\"https:\\\/\\\/hopeful-hofstadter.31-220-96-92.plesk.page\\\/#organization\",\"name\":\"Galloplay.com\",\"url\":\"https:\\\/\\\/hopeful-hofstadter.31-220-96-92.plesk.page\\\/\",\"logo\":{\"@type\":\"ImageObject\",\"inLanguage\":\"es\",\"@id\":\"https:\\\/\\\/hopeful-hofstadter.31-220-96-92.plesk.page\\\/#\\\/schema\\\/logo\\\/image\\\/\",\"url\":\"https:\\\/\\\/hopeful-hofstadter.31-220-96-92.plesk.page\\\/wp-content\\\/uploads\\\/2024\\\/03\\\/logo-GalloPlay.webp\",\"contentUrl\":\"https:\\\/\\\/hopeful-hofstadter.31-220-96-92.plesk.page\\\/wp-content\\\/uploads\\\/2024\\\/03\\\/logo-GalloPlay.webp\",\"width\":920,\"height\":244,\"caption\":\"Galloplay.com\"},\"image\":{\"@id\":\"https:\\\/\\\/hopeful-hofstadter.31-220-96-92.plesk.page\\\/#\\\/schema\\\/logo\\\/image\\\/\"}}]}<\/script>\n<!-- \/ Yoast SEO plugin. -->","yoast_head_json":{"title":"En GalloPlay promovemos el juego responsable","description":"En GalloPlay promovemos el juego responsable como parte fundamental de una experiencia segura y divertida. Invitamos a nuestros usuarios a jugar con moderaci\u00f3n, establecer l\u00edmites de tiempo y gasto.","robots":{"index":"index","follow":"follow","max-snippet":"max-snippet:-1","max-image-preview":"max-image-preview:large","max-video-preview":"max-video-preview:-1"},"canonical":"https:\/\/hopeful-hofstadter.31-220-96-92.plesk.page\/juego-responsable\/","og_locale":"es_ES","og_type":"article","og_title":"En GalloPlay promovemos el juego responsable","og_description":"En GalloPlay promovemos el juego responsable como parte fundamental de una experiencia segura y divertida. Invitamos a nuestros usuarios a jugar con moderaci\u00f3n, establecer l\u00edmites de tiempo y gasto.","og_url":"https:\/\/hopeful-hofstadter.31-220-96-92.plesk.page\/juego-responsable\/","og_site_name":"Gallo Play Costa Rica | Casino en L\u00ednea y Sitio de Apuestas Deportivas","article_modified_time":"2025-05-05T21:24:54+00:00","twitter_card":"summary_large_image","twitter_misc":{"Tiempo de lectura":"4 minutos"},"schema":{"@context":"https:\/\/schema.org","@graph":[{"@type":"WebPage","@id":"https:\/\/hopeful-hofstadter.31-220-96-92.plesk.page\/juego-responsable\/","url":"https:\/\/hopeful-hofstadter.31-220-96-92.plesk.page\/juego-responsable\/","name":"En GalloPlay promovemos el juego responsable","isPartOf":{"@id":"https:\/\/hopeful-hofstadter.31-220-96-92.plesk.page\/#website"},"datePublished":"2024-01-04T15:08:08+00:00","dateModified":"2025-05-05T21:24:54+00:00","description":"En GalloPlay promovemos el juego responsable como parte fundamental de una experiencia segura y divertida. Invitamos a nuestros usuarios a jugar con moderaci\u00f3n, establecer l\u00edmites de tiempo y gasto.","breadcrumb":{"@id":"https:\/\/hopeful-hofstadter.31-220-96-92.plesk.page\/juego-responsable\/#breadcrumb"},"inLanguage":"es","potentialAction":[{"@type":"ReadAction","target":["https:\/\/hopeful-hofstadter.31-220-96-92.plesk.page\/juego-responsable\/"]}]},{"@type":"BreadcrumbList","@id":"https:\/\/hopeful-hofstadter.31-220-96-92.plesk.page\/juego-responsable\/#breadcrumb","itemListElement":[{"@type":"ListItem","position":1,"name":"Portada","item":"https:\/\/hopeful-hofstadter.31-220-96-92.plesk.page\/"},{"@type":"ListItem","position":2,"name":"Juego Responsable"}]},{"@type":"WebSite","@id":"https:\/\/hopeful-hofstadter.31-220-96-92.plesk.page\/#website","url":"https:\/\/hopeful-hofstadter.31-220-96-92.plesk.page\/","name":"Galloplay.com","description":"Vive la mejor experiencia de casino online y apuestas deportivas en Gallo Play Costa Rica. \u00a1Juega con confianza ruleta, bingo y cientos de juegos de casino!","publisher":{"@id":"https:\/\/hopeful-hofstadter.31-220-96-92.plesk.page\/#organization"},"alternateName":"Galloplay","potentialAction":[{"@type":"SearchAction","target":{"@type":"EntryPoint","urlTemplate":"https:\/\/hopeful-hofstadter.31-220-96-92.plesk.page\/?s={search_term_string}"},"query-input":{"@type":"PropertyValueSpecification","valueRequired":true,"valueName":"search_term_string"}}],"inLanguage":"es"},{"@type":"Organization","@id":"https:\/\/hopeful-hofstadter.31-220-96-92.plesk.page\/#organization","name":"Galloplay.com","url":"https:\/\/hopeful-hofstadter.31-220-96-92.plesk.page\/","logo":{"@type":"ImageObject","inLanguage":"es","@id":"https:\/\/hopeful-hofstadter.31-220-96-92.plesk.page\/#\/schema\/logo\/image\/","url":"https:\/\/hopeful-hofstadter.31-220-96-92.plesk.page\/wp-content\/uploads\/2024\/03\/logo-GalloPlay.webp","contentUrl":"https:\/\/hopeful-hofstadter.31-220-96-92.plesk.page\/wp-content\/uploads\/2024\/03\/logo-GalloPlay.webp","width":920,"height":244,"caption":"Galloplay.com"},"image":{"@id":"https:\/\/hopeful-hofstadter.31-220-96-92.plesk.page\/#\/schema\/logo\/image\/"}}]}},"_links":{"self":[{"href":"https:\/\/hopeful-hofstadter.31-220-96-92.plesk.page\/index.php?rest_route=\/wp\/v2\/pages\/120","targetHints":{"allow":["GET"]}}],"collection":[{"href":"https:\/\/hopeful-hofstadter.31-220-96-92.plesk.page\/index.php?rest_route=\/wp\/v2\/pages"}],"about":[{"href":"https:\/\/hopeful-hofstadter.31-220-96-92.plesk.page\/index.php?rest_route=\/wp\/v2\/types\/page"}],"author":[{"embeddable":true,"href":"https:\/\/hopeful-hofstadter.31-220-96-92.plesk.page\/index.php?rest_route=\/wp\/v2\/users\/2"}],"replies":[{"embeddable":true,"href":"https:\/\/hopeful-hofstadter.31-220-96-92.plesk.page\/index.php?rest_route=%2Fwp%2Fv2%2Fcomments&post=120"}],"version-history":[{"count":43,"href":"https:\/\/hopeful-hofstadter.31-220-96-92.plesk.page\/index.php?rest_route=\/wp\/v2\/pages\/120\/revisions"}],"predecessor-version":[{"id":6245,"href":"https:\/\/hopeful-hofstadter.31-220-96-92.plesk.page\/index.php?rest_route=\/wp\/v2\/pages\/120\/revisions\/6245"}],"wp:attachment":[{"href":"https:\/\/hopeful-hofstadter.31-220-96-92.plesk.page\/index.php?rest_route=%2Fwp%2Fv2%2Fmedia&parent=120"}],"curies":[{"name":"wp","href":"https:\/\/api.w.org\/{rel}","templated":true}]}}